- 15. Let m(g) = g**2 - 1. Let f(k) = -d(k) + 2*m(k). Calculate f(i).
0
Let x(j) be the third derivative of 22*j**2 + 0 + 2*j + 1/12*j**4 + j**3. Determine x(-5).
-4
Let o(a) = -183*a + 26. Let z(d) = 206*d - 28. Let j(h) = -9*o(h) - 8*z(h). Let s = -9 - -4. What is j(s)?
-5
Suppose 46*a = 25*a + 378. Let m(z) = -16 + a + z**3 + 3*z - 5*z**2 - 4*z - 1. Suppose 5*r = -l + 4*l, -5*r - 4*l = -35. What is m(r)?
-20
Let y = -16093/15 + 5366/5. Let s(q) be the third derivative of 0*q + 0 + 1/120*q**6 + 1/12*q**5 - 1/24*q**4 + 25*q**2 - y*q**3. Give s(-5).
3
Let n(a) = 0*a**2 + 415*a**3 - 6*a + 17*a**2 + 5 + 1 + 26*a - 414*a**3. What is n(-16)?
-58
Let r(p) be the third derivative of -1/12*p**4 - 5/6*p**3 + 0*p + 1/60*p**5 + 0 - 162*p**2. What is r(4)?
3
Let h(j) = -j - j**2 - 415 + 415. Suppose 0 = -3*f - 8*f + 682. Let r = f + -64. Give h(r).
-2
Suppose -228*l + 233*l - 270 = 0. Suppose -2*r = -5*a + l, -4*a + 32 = -4*r + 8*r. Let u(c) = -c**2 + 9*c + 5. What is u(a)?
-5
Let p(t) = 498 + 481 - 1456 - t + 508. Determine p(15).
16
Let v(x) = -3*x**2 - 3*x - 3*x + 1030745 - 1030754. Calculate v(-1).
-6
Let c = -172 - -177. Let d(q) = q**3 + 7*q**2 - 9*q - 3. Let l be d(-8). Let h(w) = -7*w + 1. Let r(n) = -6*n. Let p(x) = l*h(x) - 6*r(x). Give p(c).
10
Let r(i) = 9*i**2 + 4*i - 11. Suppose -3*j + 19 = 2*k, -5*k + j = -6 + 1. What is r(k)?
33
Suppose 2*l - 8 = -0*l. Let s(u) be the first derivative of -u**3/3 + u**2/2 - 15777. Determine s(l).
-12
Suppose -9*y - 2*n - 27 = -12*y, -2*y + 11 = n. Let v(a) = 85*a - 87*a - 4 - y. Give v(0).
-11
Let y be 4/(-6) - (132/9)/(-1). Suppose -y = 10*p - 74. Let q(f) = -f**2 + 6*f - 2. Calculate q(p).
-2
Let x(y) = -y**3 + 6*y**2 + 7*y - 2. Let v(d) = 15 + 8*d**2 - 8 - d**2 - 9*d**2 + d**3 - 3*d. Let o be v(3). What is x(o)?
-2
Let f(w) = w + 5. Let d be (12/(-10))/(30/(-100)). Suppose 7*q - 39 + d = 0. Let a(s) = -3*s - 9. Let x(h) = q*f(h) + 2*a(h). Determine x(0).
7
Let u(r) be the second derivative of r**5/20 - r**3/6 - 2*r**2 + 775*r. Give u(0).
-4
Let j(c) be the third derivative of c**6/120 - c**5/20 + c**4/24 + 5*c**3/6 - 3*c**2 + 54. Determine j(0).
5
Let r be (-50)/(-14) - (-1448)/(-2534). Let s(l) = -3*l**3 + l**2 - 2*l + 5. Determine s(r).
-73
Let v(m) = 2*m + 41. Let c be 3/(1640/230 - 14*3/6). Calculate v(c).
87
Let i(a) = 3*a**2 - 36*a - 75. Let o(d) = d**2 - 17*d - 39. Let q(f) = 2*i(f) - 5*o(f). What is q(-8)?
5
Let i(c) = 2*c**3 - 12*c**2. Suppose -28 = -36*v + 6*v + 152. Give i(v).
0
Let t(j) = j**2 + 18*j + 13. Let i = 5858 - 5874. What is t(i)?
-19
Let c = -252 + 96. Let q = c + 161. Let m(t) = t**2 - 6*t - 7. Determine m(q).
-12
Let s(o) = o**2 - 5. Let r be (4/(16/164))/(4/(-4)). Suppose 3*m = 55 + 56. Let f = r + m. What is s(f)?
11
Suppose 2*c + 0*c = -3*j - 12, 3*c - 16 = 4*j. Let i(d) = 9*d + 3. Determine i(j).
-33
Let q(l) be the third derivative of -l**6/360 - l**5/40 + l**4/8 + 5*l**3/2 - 35*l**2. Let d(y) be the first derivative of q(y). Calculate d(-5).
-7
Let s(x) = -17*x**3 + 2*x**2 - 1. Let t(i) = i**2 + 2*i**2 - 7*i + 0*i**3 + i**3 + 7 - 8*i**2. Let u be t(6). What is s(u)?
-16
Let g(q) = -q**2 + 4. Let l(d) = -24*d**2 - 18*d + 81. Let t(w) = -42*g(w) + 2*l(w). Determine t(-6).
-6
Let q(l) = -5*l + 1. Let d(t) = 4*t - 1. Suppose -2*v + 32 = 18. Let c(m) = v*d(m) + 6*q(m). Let i(y) = 4*y + 3. Let s(f) = -7*c(f) - 3*i(f). Determine s(-4).
-10
Let o(z) = z**3 - 5*z**2 - 3*z + 9. Let q = -1285 + 1291. What is o(q)?
27
Let w(s) = -s**3 + 2*s**2 + 9*s + 14. Suppose 41*a = 174*a - 532. Determine w(a).
18
Let t(l) = -l**2 - 2*l + 1. Suppose -46 + 26 = 3*b - 26. Determine t(b).
-7
Let u(p) = p**3 + 10*p**2 - 4*p + 14. Suppose 12*k + 43*k + 189 = -416. Determine u(k).
-63
Let b(c) = -4*c**2 - c - 1. Let p(w) = w**3 + 2*w**3 + 278 - 4*w**2 - 2*w**3 - 282 + 4*w. Let v = 4 + -1. Let s be p(v). Calculate b(s).
-4
Let s be (3/(-4))/(35/140) + (5 - -2). Let r(d) be the third derivative of -1/60*d**5 - 2/3*d**3 + 18*d**2 + 0 - 3/8*d**s + 0*d. Give r(-7).
10
Let o(z) = 2*z - 2. Let p be (0 - -1)/((-11)/(-979)). Let l = p + -35. Suppose -l = -6*w - 3*w. Determine o(w).
10
Let t(v) = -5*v + 1. Let i(o) = 11*o - 2. Let c(b) = -3*i(b) - 7*t(b). Suppose -1 = -m + 5*w - 6, 0 = -2*m + w - 10. Let d be 0/3 - 25/m. Give c(d).
9
Let c(v) = -v + 6. Suppose 217 = s + 2*o, -3*s - 4*o - 138 = -783. Let w = s + -204. Determine c(w).
-1
Let m(u) = -u - 2. Let v(i) = -2*i**2 - 25*i - 69. Let k be v(-8). Suppose 168 = 45*w - k*w. Calculate m(w).
-6
Suppose 5*b = -4*q + 2*b + 8, q - 4*b - 2 = 0. Suppose -q*r + 4*r - 6 = 0. Let t(x) = 7*x + 4*x**2 - 4*x**r + 3*x**3 - 8 + x**2. Calculate t(6).
-2
Let k(b) = -19*b - 67. Let j = 42592 + -42594. Determine k(j).
-29
Let u(z) = -9*z**2 - 2*z - 2. Let f(w) = -w**3 - 44*w**2 - 124*w - 42. Let j be f(-41). What is u(j)?
-9
Let x(k) = -17701*k - 5 + 8846*k + 8851*k. Determine x(-1).
-1
Suppose -28 + 100 = -6*a. Let p(i) = 5*i**2 - 31*i - 6. Let s(g) = -6*g**2 + 34*g + 5. Let o(c) = 7*p(c) + 6*s(c). Calculate o(a).
0
Let q(j) be the first derivative of -j**3 - 19*j**2/2 + 21*j - 3168. What is q(-7)?
7
Let l be 6/8*((-3013)/207 - (-105)/7). Let g(s) be the first derivative of 0*s**2 + l*s**3 + s - 39. Give g(-3).
10
Suppose -3*f + 17*q = 12*q - 73, -2*q = -3*f + 58. Let z(m) = 4*m - 53. Give z(f).
11
Let n be (0 + -1)*1 + 3. Let k(j) = 2*j**3 - 28*j**2 - 15*j + 15. Let w be k(15). Let g(y) = -2*y + 114*y**2 - w*y**2 + 121*y**2. Determine g(n).
-24
Let c(n) be the second derivative of -n**3/6 - n**2 - 201*n. Determine c(0).
-2
Let p(d) = d**3 + 11*d**2 - 14. Let k be ((-10)/(-4) - 1)/((-24)/48). Let j be ((-11)/(-22) + 57/18)*k. Give p(j).
-14
Let t(a) = -a**3 + 3*a**2 + 8*a - 6. Let h = -963 + 968. Calculate t(h).
-16
Let z = -7194 - -7198. Let o(p) = -3*p**2 + 2*p - 1. Determine o(z).
-41
Suppose -5*x = -61*u + 63*u + 1, -u - 2*x = 0. Let h(s) = 24*s**2 - 4*s - 1. Give h(u).
87
Let j(p) be the second derivative of p**5/4 - p**4/12 - p**3/6 - 64*p**2 - 150*p. Let a(l) be the first derivative of j(l). Let k be (1 - 2/1)*1. What is a(k)?
16
Let h(c) = -97140*c + 97143*c - 2 + c**2 - 13. Determine h(-6).
3
Let n(q) = -5 - q + 9 + 2. Let k be n(-9). Suppose k*r - 10 = 10*r. Let h(i) = i**2 - 2*i - 1. What is h(r)?
-1
Let y(q) be the first derivative of -2*q**2 + 3*q - 598. Let j be (-5)/(-5) + (1 - -3). Suppose d - 15 = -4*x + 2*d, 4*d + 27 = j*x. Give y(x).
-9
Let j(n) = -n**3 - 9*n**2 + 12*n - 23. Let s = -6472 + 6462. Calculate j(s).
-43
Let i(c) = -c**2 + c + 1. Let h(r) = 2*r**2 - 3*r - 10. Let f(d) = h(d) + 3*i(d). Let s(j) be the first derivative of f(j). What is s(-3)?
6
Let y be (-72)/(-54) + 168/9. Suppose 34*r - y = 39*r. Let a(j) = -j**3 - 4*j**2 + 5*j + 4. What is a(r)?
-16
Let b(d) = 21*d + 348. Let x be (-20)/(-6) - ((-74)/(-6) + 8). Determine b(x).
-9
Let o(t) = 4*t**2 - 43*t + 61. Let v(g) = 478*g**2 - 2386*g - 11. Let w be v(5). Calculate o(w).
-2
Let t(o) be the first derivative of 9*o**2/2 + 54*o - 1496. Give t(-6).
0
Let q(x) = -142*x - 64. Let s(c) = -47*c - 18. Let k(i) = 2*q(i) - 7*s(i). Give k(-1).
-47
Let b(q) be the third derivative of 0 - 1/60*q**5 + 4/3*q**3 + 0*q - 31*q**2 - 3/8*q**4. Determine b(-9).
8
Suppose -7*t + 3*n = -60, 18*n - 30 = -3*t + 20*n. Let w(h) = 8*h - 27. What is w(t)?
21
Let u(g) = 0*g + 12 + g + 5*g - 8*g. Suppose -5*r - 2*d = 0, 4*d + 22 = r - 0*r. Suppose 8 = 2*f - r*t - 20, 3*t + 15 = 0. What is u(f)?
-6
Let q(s) = -5*s**3 - 3*s + 2. Suppose -4*v + 2 = -18. Suppose -v*t + 0 - 3 = -2*o, 2 = -2*t + o. Give q(t).
-6
Suppose 9935 - 9983 = 12*v. Let l(o) = -1. Let z(f) = -f**2 - 5*f - 6. Let j(d) = -3*l(d) + z(d). What is j(v)?
1
Let x(z) = -9*z + 8. Suppose 4*u + 19 = 3*i, u + 3*i = -2*u - 30. Let w(k) = -4*k + 4. Let m(p) = u*w(p) + 3*x(p). Let n = -1773 - -1780. Give m(n).
3
Suppose -2*g + 4 = -4*c, -4*g - 4*c = 8 - 4. Let y(t) = 33 + 68 - t - 108. Calculate y(g).
-7
Let z(b) be the third derivative of b**6/120 - b**5/4 - 5*b**4/6 + 23*b**3/6 - 3*b**2 - 843*b. What is z(16)?
-41
Suppose 0 = 3*d + 4*q + 6, 3 = 3*d + 11*q - 10*q. Let n(y) = 16*y - 21. Give n(d).
11
Let v(f) = 2*f**2 + 4*f + 2. Suppose -3*w + 4*w = 50. Suppose -119 = 2*c - 5*i, 0 = -7*c - 3*i - 190 - 165. Let n = w + c. What is v(n)?
2
Suppose 0 = -q - 62 + 8. Sup